s of 4706625?
3, 5, 7, 11, 163
What are the prime factors of 11800415?
5, 11, 41, 5233
List the prime factors of 230187.
3, 277
What are the prime factors of 590291?
13, 17, 2671
List the prime factors of 305564.
2, 7, 1559
What are the prime factors of 249050?
2, 5, 17, 293
List the prime factors of 360702.
2, 3, 29, 691
What are the prime factors of 7197310?
2, 5, 719731
List the prime factors of 1316880.
2, 3, 5, 31, 59
What are the prime factors of 3256014?
2, 3, 421, 1289
List the prime factors of 818911.
113, 7247
List the prime factors of 12200116.
2, 3050029
What are the prime factors of 862423?
862423
What are the prime factors of 4425178?
2, 2212589
What are the prime factors of 4693420?
2, 5, 47, 4993
What are the prime factors of 364455?
3, 5, 7, 13, 89
List the prime factors of 554016.
2, 3, 29, 199
List the prime factors of 9818298.
2, 3, 7, 29, 2687
List the prime factors of 220993.
223, 991
List the prime factors of 922458.
2, 3, 153743
List the prime factors of 45379.
23, 1973
What are the prime factors of 4300645?
5, 43, 83, 241
List the prime factors of 479631.
3, 29, 37, 149
What are the prime factors of 2047155?
3, 5, 11, 19, 653
List the prime factors of 10486.
2, 7, 107
What are the prime factors of 7956818?
2, 47, 1801
What are the prime factors of 487911?
3, 103, 1579
What are the prime factors of 69824?
2, 1091
List the prime factors of 710533.
487, 1459
What are the prime factors of 5059719?
3, 7, 19, 1409
What are the prime factors of 1648885?
5, 7, 47111
What are the prime factors of 4386483?
3, 487387
What are the prime factors of 13394373?
3, 19, 234989
What are the prime factors of 9563334?
2, 3, 11, 144899
What are the prime factors of 8832416?
2, 19, 73, 199
What are the prime factors of 273000?
2, 3, 5, 7, 13
List the prime factors of 305102.
2, 7, 19, 31, 37
What are the prime factors of 747527?
11, 67957
What are the prime factors of 502827?
3, 13, 12893
What are the prime factors of 27337?
27337
List the prime factors of 21646.
2, 79, 137
What are the prime factors of 7630883?
13, 59, 9949
What are the prime factors of 671666?
2, 335833
What are the prime factors of 30537517?
30537517
What are the prime factors of 4690104?
2, 3, 73, 2677
List the prime factors of 48380.
2, 5, 41, 59
List the prime factors of 7890146.
2, 11, 29, 83, 149
What are the prime factors of 848922?
2, 3, 151, 937
List the prime factors of 361846.
2, 239, 757
What are the prime factors of 309714?
2, 3, 41, 1259
List the prime factors of 45596.
2, 11399
What are the prime factors of 133472?
2, 43, 97
List the prime factors of 740418.
2, 3, 7, 17, 61
What are the prime factors of 274539?
3, 91513
List the prime factors of 96620.
2, 5, 4831
List the prime factors of 49135.
5, 31, 317
What are the prime factors of 5146157?
59, 87223
List the prime factors of 3448325.
5, 137933
List the prime factors of 1553654.
2, 41, 18947
List the prime factors of 1546167.
3, 7, 17, 61, 71
What are the prime factors of 366540?
2, 3, 5, 41, 149
What are the prime factors of 2642533?
31, 85243
What are the prime factors of 1390344?
2, 3, 19, 3049
List the prime factors of 5470015.
5, 41, 26683
List the prime factors of 14552317.
13, 587, 1907
List the prime factors of 1080550.
2, 5, 21611
List the prime factors of 256151.
7, 23, 37, 43
List the prime factors of 4835440.
2, 5, 60443
What are the prime factors of 17529774?
2, 3, 2921629
List the prime factors of 474309.
3, 11, 1597
What are the prime factors of 7715135?
5, 59, 26153
List the prime factors of 11351697.
3, 7, 540557
List the prime factors of 31805708.
2, 11, 17, 101, 421
What are the prime factors of 647836?
2, 7, 17, 1361
List the prime factors of 33115.
5, 37, 179
What are the prime factors of 3314451?
3, 7, 157831
What are the prime factors of 199863?
3, 53, 419
What are the prime factors of 11431?
7, 23, 71
List the prime factors of 1847307.
3, 7, 11, 727
What are the prime factors of 1748289?
3, 582763
What are the prime factors of 17467276?
2, 4366819
List the prime factors of 738701.
17, 19, 2287
What are the prime factors of 4908326?
2, 859, 2857
What are the prime factors of 215131?
7, 73, 421
What are the prime factors of 1588270?
2, 5, 71, 2237
What are the prime factors of 16359302?
2, 23, 229, 1553
What are the prime factors of 13280150?
2, 5, 13, 20431
List the prime factors of 10899.
3, 7, 173
List the prime factors of 6618349.
6618349
What are the prime factors of 32363748?
2, 3, 857, 1049
What are the prime factors of 404952?
2, 3, 47, 359
What are the prime factors of 160254?
2, 3, 29, 307
What are the prime factors of 13201938?
2, 3, 569, 1289
What are the prime factors of 123909?
3, 103, 401
List the prime factors of 507080.
2, 5, 7, 1811
What are the prime factors of 6316303?
7, 19, 47491
List the prime factors of 604704.
2, 3, 6299
List the prime factors of 6569908.
2, 1151, 1427
List the prime factors of 206306.
2, 29, 3557
What are the prime factors of 323792?
2, 7, 59
What are the prime factors of 577663?
239, 2417
What are the prime factors of 425980?
2, 5, 19, 59
What are the prime factors of 320822?
2, 47, 3413
What are the prime factors of 111670?
2, 5, 13, 859
What are the prime factors of 768543?
3, 256181
List the prime factors of 611594.
2, 59, 71, 73
What are the prime factors of 4499364?
2, 3, 211, 1777
What are the prime factors of 150929?
150929
What are the prime factors of 45619?
7, 19
List the prime factors of 1017235.
5, 389, 523
What are the prime factors of 3731781?
3, 1243927
What are the prime factors of 8151286?
2, 11, 13, 2591
List the prime factors of 38815.
5, 7, 1109
What are the prime factors of 796492?
2, 173, 1151
List the prime factors of 1284578.
2, 31, 20719
What are the prime factors of 6110046?
2, 3, 113149
List the prime factors of 800423.
13, 23, 2677
What are the prime factors of 446715?
3, 5, 1103
List the prime factors of 4398992.
2, 13, 21149
List the prime factors of 983149.
983149
List the prime factors of 11813258.
2, 5906629
What are the prime factors of 2556568?
2, 7, 71, 643
What are the prime factors of 2984277?
3, 31, 32089
What are the prime factors of 1232721?
3, 7, 17, 1151
List the prime factors of 243560.
2, 5, 6089
What are the prime factors of 5047107?
3, 13, 127, 1019
List the prime factors of 1319549.
7, 11, 17137
List the prime factors of 3980501.
7, 568643
List the prime factors of 174671.
7, 24953
What are the prime factors of 23696627?
67, 353681
List the prime factors of 5075213.
11, 13, 35491
List the prime factors of 351303.
3, 117101
List the prime factors of 8845865.
5, 7, 17, 14867
What are the prime factors of 4540618?
2, 2270309
What are the prime factors of 513273?
3, 171091
List the prime factors of 3999776.
2, 11, 1033
What are the prime factors of 7196994?
2, 3, 7, 57119
What are the prime factors of 457987?
457987
List the prime factors of 16240607.
307, 52901
What are the prime factors of 17802?
2, 3, 23, 43
What are the prime factors of 1117739?
7, 22811
List the prime factors of 127520.
2, 5, 797
What are the prime factors of 9121410?
2, 3, 5, 11261
List the prime factors of 653574.
2, 3, 108929
What are the prime factors of 61586?
2, 7, 53, 83
What are the prime factors of 2791705?
5, 7, 31, 83
List the prime factors of 32004.
2, 3, 7, 127
List the prime factors of 16459295.
5, 31, 106189
What are the prime factors of 217970?
2, 5, 71, 307
List the prime factors of 11606794.
2, 1109, 5233
What are the prime factors of 32053102?
2, 16026551
What are the prime factors of 102506?
2, 107, 479
What are the prime factors of 17364710?
2, 5, 11, 113, 127
List the prime factors of 173293.
173293
What are the prime factors of 531698?
2, 83, 3203
What are the prime factors of 159793?
159793
What are the prime factors of 197477?
7, 28211
What are the prime factors of 328272?
2, 3, 7, 977
What are the prime factors of 1141157?
263, 4339
What are the prime factors of 1394675?
5, 55787
List the prime factors of 11553151.
1489, 7759
What are the prime factors of 1398915?
3, 5, 7, 4441
List the prime factors of 515785.
5, 43, 2399
List the prime factors of 851253.
3, 13, 23, 73
List the prime factors of 244799.
43, 5693
List the prime factors of 23918.
2, 11959
What are the prime factors of 9529656?
2,